{"id":3,"date":"2021-01-19T23:16:14","date_gmt":"2021-01-19T22:16:14","guid":{"rendered":"http:\/\/festivallaresistanceaucinema.fr\/?page_id=3"},"modified":"2024-01-06T17:14:48","modified_gmt":"2024-01-06T16:14:48","slug":"politique-de-confidentialite","status":"publish","type":"page","link":"https:\/\/festivallaresistanceaucinema.fr\/?page_id=3","title":{"rendered":"Politique de confidentialit\u00e9"},"content":{"rendered":"\n<h2 class=\"wp-block-heading\">Qui sommes-nous&nbsp;?<\/h2>\n\n\n\n<p>L\u2019adresse de notre site Web est&nbsp;: http:\/\/festivallaresistanceaucinema.fr.<\/p>\n\n\n\n<h2 class=\"wp-block-heading\">Propri\u00e9taire du site<\/h2>\n\n\n\n<p>Association des Amis du Mus\u00e9e de la R\u00e9sistance nationale de Seine-Saint-Denis<br>Maison du Combattant Henri Del Barrio &#8211; 57, rue Charles-Sage \u2013 93700 Drancy<br>RNA&nbsp;: W931003327<\/p>\n\n\n\n<p>Direction de la publication&nbsp;:&nbsp;Sabine Pesier (Pr\u00e9sidente AMRN 93).<\/p>\n\n\n\n<p>L\u2019animation \u00e9ditoriale et les mises \u00e0 jour du site sont assur\u00e9es par Sabine Pesier, Pierre Gernez (secr\u00e9taire AMRN 93), les administratrices et adminstrateurs AMRN 93.<\/p>\n\n\n\n<figure class=\"wp-block-image size-large is-resized\"><img loading=\"lazy\" decoding=\"async\" width=\"1024\" height=\"423\" src=\"http:\/\/festivallaresistanceaucinema.fr\/wp-content\/uploads\/2021\/01\/Logo_AMRN-1024x423.jpg\" alt=\"\" class=\"wp-image-92\" style=\"width:117px;height:48px\"\/><\/figure>\n\n\n\n<p><br>H\u00c9BERGEMENT :<\/p>\n\n\n\n<p><a href=\"https:\/\/www.ovh.com\/fr\/\" target=\"_blank\" rel=\"noreferrer noopener\">OVH<\/a><\/p>\n\n\n\n<p>2 rue Kellermann &#8211;<\/p>\n\n\n\n<p>59100 Roubaix &#8211; France<\/p>\n\n\n\n<h2 class=\"wp-block-heading\">Utilisation des donn\u00e9es personnelles collect\u00e9es<\/h2>\n\n\n\n<p>Les donn\u00e9es personnelles recueillies au moyen du formulaire, sont destin\u00e9es \u00e0 l&rsquo;association AMRN 93.\u00a0En aucun cas, elles ne seront communiqu\u00e9es \u00e0 des tiers. Ces informations sont conserv\u00e9es de mani\u00e8re confidentielle durant toute la dur\u00e9e de la relation commerciale.<\/p>\n\n\n\n<p>Conform\u00e9ment \u00e0 la loi n\u00b0 78-17 du 6 janvier 1978, vous disposez d&rsquo;un droit d&rsquo;acc\u00e8s, de modification, de rectification et de suppression des donn\u00e9es vous concernant.<\/p>\n\n\n\n<p>Pour l&rsquo;exercer,  adressez-vous \u00e0 :<\/p>\n\n\n\n<p>Association des Amis du Mus\u00e9e de la R\u00e9sistance nationale de Seine-Saint-Denis<br>Maison du Combattant Henri Del Barrio &#8211; 57, rue Charles-Sage \u2013 93700 Drancy<br>RNA&nbsp;: W931003327<\/p>\n\n\n\n<p>Contact&nbsp;: amrn93@club-internet.fr<\/p>\n\n\n\n<h2 class=\"wp-block-heading\">DROIT D&rsquo;AUTEUR :<\/h2>\n\n\n\n<p>L&rsquo;ensemble de ce site Internet rel\u00e8ve de la l\u00e9gislation fran\u00e7aise et internationale sur le droit d&rsquo;auteur et la propri\u00e9t\u00e9 intellectuelle.<br>Tous les droits de reproduction sont r\u00e9serv\u00e9s y compris les documents iconographiques et photographiques.<\/p>\n\n\n\n<p><\/p>\n\n\n\n<h2 class=\"wp-block-heading\">DISPOSITIONS L\u00c9GALES :<\/h2>\n\n\n\n<p>Les diff\u00e9rents \u00e9l\u00e9ments du site Internet (la forme, la mise en page, la structure, les images et illustrations\u2026) sont prot\u00e9g\u00e9s par le droit des dessins et mod\u00e8les, le droit d&rsquo;auteur, le droit des marques ainsi que le droit \u00e0 l&rsquo;image.<br><br>Ils ne peuvent \u00eatre copi\u00e9s ou imit\u00e9s en tout ou partie sans autorisation expresse du directeur de publication.<br><br>Toute personne ne respectant pas les dispositions l\u00e9gales applicables se rend coupable du d\u00e9lit de contrefa\u00e7on et est passible des sanctions p\u00e9nales pr\u00e9vues par la loi .<br><br>Nous vous informons que :<\/p>\n\n\n\n<ul>\n<li>Le secret des correspondances transmises sur le r\u00e9seau Internet n&rsquo;est pas garanti.<\/li>\n\n\n\n<li>Ce site contient des liens vers d&rsquo;autres sites INTERNET s\u00e9lectionn\u00e9s avec attention, n\u00e9anmoins&nbsp;l&rsquo;association AFMD ne peut garantir la qualit\u00e9 permanente du contenu de ces sites.<\/li>\n<\/ul>\n\n\n\n<h2 class=\"wp-block-heading\">COOKIES<\/h2>\n\n\n\n<p>Lors des visites sur ce site, un cookie peut s&rsquo;installer automatiquement sur le logiciel de navigation. Le cookie est un bloc de donn\u00e9es qui ne permet pas d&rsquo;identifier les utilisateurs mais sert \u00e0 enregistrer des informations relatives \u00e0 la navigation de celui-ci sur le site. Le param\u00e9trage du logiciel de navigation permet d&rsquo;informer de la pr\u00e9sence de cookie et \u00e9ventuellement, de la refuser.<\/p>\n\n\n\n<p>Lorsque vous vous connecterez, nous mettrons en place un certain nombre de cookies pour enregistrer vos informations de connexion et vos pr\u00e9f\u00e9rences d\u2019\u00e9cran. La dur\u00e9e de vie d\u2019un cookie de connexion est de deux jours, celle d\u2019un cookie d\u2019option d\u2019\u00e9cran est d\u2019un an. Si vous cochez \u00ab&nbsp;Se souvenir de moi&nbsp;\u00bb, votre cookie de connexion sera conserv\u00e9 pendant deux semaines. Si vous vous d\u00e9connectez de votre compte, le cookie de connexion sera effac\u00e9.<\/p>\n\n\n\n<p>Contenu embarqu\u00e9 depuis d\u2019autres sites<\/p>\n\n\n\n<p>Les articles de ce site peuvent inclure des contenus int\u00e9gr\u00e9s (par exemple des vid\u00e9os, images, articles\u2026). Le contenu int\u00e9gr\u00e9 depuis d\u2019autres sites se comporte de la m\u00eame mani\u00e8re que si le visiteur se rendait sur cet autre site.<\/p>\n\n\n\n<p>Ces sites web pourraient collecter des donn\u00e9es sur vous, utiliser des cookies, embarquer des outils de suivis tiers, suivre vos interactions avec ces contenus embarqu\u00e9s si vous disposez d\u2019un compte connect\u00e9 sur leur site web.<\/p>\n\n\n\n<h3 class=\"wp-block-heading\"><\/h3>\n\n\n\n<h3 class=\"wp-block-heading\"><\/h3>\n","protected":false},"excerpt":{"rendered":"<p>Qui sommes-nous&nbsp;? L\u2019adresse de notre site Web est&nbsp;: http:\/\/festivallaresistanceaucinema.fr. Propri\u00e9taire du site Association des Amis du Mus\u00e9e de la R\u00e9sistance nationale de Seine-Saint-DenisMaison du Combattant Henri Del Barrio &#8211; 57, rue Charles-Sage \u2013 93700 DrancyRNA&nbsp;: W931003327 Direction de la publication&nbsp;:&nbsp;Sabine &hellip; <a href=\"https:\/\/festivallaresistanceaucinema.fr\/?page_id=3\">Continuer la lecture <span class=\"meta-nav\">&rarr;<\/span><\/a><\/p>\n","protected":false},"author":2,"featured_media":0,"parent":0,"menu_order":6,"comment_status":"closed","ping_status":"closed","template":"","meta":{"footnotes":""},"_links":{"self":[{"href":"https:\/\/festivallaresistanceaucinema.fr\/index.php?rest_route=\/wp\/v2\/pages\/3"}],"collection":[{"href":"https:\/\/festivallaresistanceaucinema.fr\/index.php?rest_route=\/wp\/v2\/pages"}],"about":[{"href":"https:\/\/festivallaresistanceaucinema.fr\/index.php?rest_route=\/wp\/v2\/types\/page"}],"author":[{"embeddable":true,"href":"https:\/\/festivallaresistanceaucinema.fr\/index.php?rest_route=\/wp\/v2\/users\/2"}],"replies":[{"embeddable":true,"href":"https:\/\/festivallaresistanceaucinema.fr\/index.php?rest_route=%2Fwp%2Fv2%2Fcomments&post=3"}],"version-history":[{"count":6,"href":"https:\/\/festivallaresistanceaucinema.fr\/index.php?rest_route=\/wp\/v2\/pages\/3\/revisions"}],"predecessor-version":[{"id":1222,"href":"https:\/\/festivallaresistanceaucinema.fr\/index.php?rest_route=\/wp\/v2\/pages\/3\/revisions\/1222"}],"wp:attachment":[{"href":"https:\/\/festivallaresistanceaucinema.fr\/index.php?rest_route=%2Fwp%2Fv2%2Fmedia&parent=3"}],"curies":[{"name":"wp","href":"https:\/\/api.w.org\/{rel}","templated":true}]}}